{"id":549,"date":"2025-06-25T23:03:54","date_gmt":"2025-06-25T20:03:54","guid":{"rendered":"https:\/\/hammerwelding.com.tr\/?page_id=549"},"modified":"2026-02-04T12:19:53","modified_gmt":"2026-02-04T09:19:53","slug":"biz-kimiz","status":"publish","type":"page","link":"https:\/\/hammerwelding.com.tr\/index.php\/biz-kimiz\/","title":{"rendered":"Biz Kimiz"},"content":{"rendered":"\t\t<div data-elementor-type=\"wp-page\" data-elementor-id=\"549\" class=\"elementor elementor-549\" data-elementor-post-type=\"page\">\n\t\t\t\t\t\t<section class=\"elementor-section elementor-top-section elementor-element elementor-element-dadf3cc elementor-section-full_width elementor-section-height-default elementor-section-height-default\" data-id=\"dadf3cc\" data-element_type=\"section\" data-e-type=\"section\">\n\t\t\t\t\t\t\t<div class=\"elementor-background-overlay\"><\/div>\n\t\t\t\t\t\t\t<div class=\"elementor-container elementor-column-gap-default\">\n\t\t\t\t\t<div class=\"elementor-column elementor-col-100 elementor-top-column elementor-element elementor-element-c191940\" data-id=\"c191940\" data-element_type=\"column\" data-e-type=\"column\">\n\t\t\t<div class=\"elementor-widget-wrap elementor-element-populated\">\n\t\t\t\t\t\t\t<\/div>\n\t\t<\/div>\n\t\t\t\t\t<\/div>\n\t\t<\/section>\n\t\t<div class=\"elementor-element elementor-element-69d29ec e-flex e-con-boxed e-con e-parent\" data-id=\"69d29ec\" data-element_type=\"container\" data-e-type=\"container\">\n\t\t\t\t\t<div class=\"e-con-inner\">\n\t\t\t\t<div class=\"elementor-element elementor-element-bda15c6 elementor-widget elementor-widget-text-editor\" data-id=\"bda15c6\" data-element_type=\"widget\" data-e-type=\"widget\" data-widget_type=\"text-editor.default\">\n\t\t\t\t<div class=\"elementor-widget-container\">\n\t\t\t\t\t\t\t\t\t<p>Rakamlarla Hammer Welding<\/p>\t\t\t\t\t\t\t\t<\/div>\n\t\t\t\t<\/div>\n\t\t\t\t\t<\/div>\n\t\t\t\t<\/div>\n\t\t<div class=\"elementor-element elementor-element-f29b18f e-flex e-con-boxed e-con e-parent\" data-id=\"f29b18f\" data-element_type=\"container\" data-e-type=\"container\">\n\t\t\t\t\t<div class=\"e-con-inner\">\n\t\t<div class=\"elementor-element elementor-element-b4963c5 e-con-full e-flex e-con e-child\" data-id=\"b4963c5\" data-element_type=\"container\" data-e-type=\"container\">\n\t\t\t\t<div class=\"elementor-element elementor-element-c5d391e elementor-widget elementor-widget-image\" data-id=\"c5d391e\" data-element_type=\"widget\" data-e-type=\"widget\" data-widget_type=\"image.default\">\n\t\t\t\t<div class=\"elementor-widget-container\">\n\t\t\t\t\t\t\t\t\t\t\t\t\t\t\t<img loading=\"lazy\" decoding=\"async\" width=\"800\" height=\"800\" src=\"https:\/\/hammerwelding.com.tr\/wp-content\/uploads\/2025\/06\/Proseslerimiz-1024x1024.png\" class=\"attachment-large size-large wp-image-495\" alt=\"\" srcset=\"https:\/\/hammerwelding.com.tr\/wp-content\/uploads\/2025\/06\/Proseslerimiz-1024x1024.png 1024w, https:\/\/hammerwelding.com.tr\/wp-content\/uploads\/2025\/06\/Proseslerimiz-300x300.png 300w, https:\/\/hammerwelding.com.tr\/wp-content\/uploads\/2025\/06\/Proseslerimiz-150x150.png 150w, https:\/\/hammerwelding.com.tr\/wp-content\/uploads\/2025\/06\/Proseslerimiz-768x768.png 768w, https:\/\/hammerwelding.com.tr\/wp-content\/uploads\/2025\/06\/Proseslerimiz.png 1080w\" sizes=\"auto, (max-width: 800px) 100vw, 800px\" \/>\t\t\t\t\t\t\t\t\t\t\t\t\t\t\t<\/div>\n\t\t\t\t<\/div>\n\t\t\t\t<div class=\"elementor-element elementor-element-f5e6219 elementor-widget elementor-widget-counter\" data-id=\"f5e6219\" data-element_type=\"widget\" data-e-type=\"widget\" data-widget_type=\"counter.default\">\n\t\t\t\t<div class=\"elementor-widget-container\">\n\t\t\t\t\t\t\t<div class=\"elementor-counter\">\n\t\t\t<div class=\"elementor-counter-title\">\u00dcretim Alan\u0131<\/div>\t\t\t<div class=\"elementor-counter-number-wrapper\">\n\t\t\t\t<span class=\"elementor-counter-number-prefix\"><\/span>\n\t\t\t\t<span class=\"elementor-counter-number\" data-duration=\"2000\" data-to-value=\"5000\" data-from-value=\"100\" data-delimiter=\",\">100<\/span>\n\t\t\t\t<span class=\"elementor-counter-number-suffix\"> m2<\/span>\n\t\t\t<\/div>\n\t\t<\/div>\n\t\t\t\t\t\t<\/div>\n\t\t\t\t<\/div>\n\t\t\t\t<\/div>\n\t\t<div class=\"elementor-element elementor-element-533513c e-con-full e-flex e-con e-child\" data-id=\"533513c\" data-element_type=\"container\" data-e-type=\"container\">\n\t\t\t\t<div class=\"elementor-element elementor-element-a063eaa elementor-widget elementor-widget-image\" data-id=\"a063eaa\" data-element_type=\"widget\" data-e-type=\"widget\" data-widget_type=\"image.default\">\n\t\t\t\t<div class=\"elementor-widget-container\">\n\t\t\t\t\t\t\t\t\t\t\t\t\t\t\t<img loading=\"lazy\" decoding=\"async\" width=\"800\" height=\"800\" src=\"https:\/\/hammerwelding.com.tr\/wp-content\/uploads\/2025\/06\/Lazer-Kesim-1024x1024.jpg\" class=\"attachment-large size-large wp-image-561\" alt=\"\" srcset=\"https:\/\/hammerwelding.com.tr\/wp-content\/uploads\/2025\/06\/Lazer-Kesim-1024x1024.jpg 1024w, https:\/\/hammerwelding.com.tr\/wp-content\/uploads\/2025\/06\/Lazer-Kesim-300x300.jpg 300w, https:\/\/hammerwelding.com.tr\/wp-content\/uploads\/2025\/06\/Lazer-Kesim-150x150.jpg 150w, https:\/\/hammerwelding.com.tr\/wp-content\/uploads\/2025\/06\/Lazer-Kesim-768x768.jpg 768w, https:\/\/hammerwelding.com.tr\/wp-content\/uploads\/2025\/06\/Lazer-Kesim.jpg 1080w\" sizes=\"auto, (max-width: 800px) 100vw, 800px\" \/>\t\t\t\t\t\t\t\t\t\t\t\t\t\t\t<\/div>\n\t\t\t\t<\/div>\n\t\t\t\t<div class=\"elementor-element elementor-element-302881a elementor-widget elementor-widget-counter\" data-id=\"302881a\" data-element_type=\"widget\" data-e-type=\"widget\" data-widget_type=\"counter.default\">\n\t\t\t\t<div class=\"elementor-widget-container\">\n\t\t\t\t\t\t\t<div class=\"elementor-counter\">\n\t\t\t<div class=\"elementor-counter-title\">Uzman Personel<\/div>\t\t\t<div class=\"elementor-counter-number-wrapper\">\n\t\t\t\t<span class=\"elementor-counter-number-prefix\"><\/span>\n\t\t\t\t<span class=\"elementor-counter-number\" data-duration=\"2000\" data-to-value=\"60\" data-from-value=\"0\" data-delimiter=\",\">0<\/span>\n\t\t\t\t<span class=\"elementor-counter-number-suffix\">+<\/span>\n\t\t\t<\/div>\n\t\t<\/div>\n\t\t\t\t\t\t<\/div>\n\t\t\t\t<\/div>\n\t\t\t\t<\/div>\n\t\t<div class=\"elementor-element elementor-element-ed16e77 e-con-full e-flex e-con e-child\" data-id=\"ed16e77\" data-element_type=\"container\" data-e-type=\"container\">\n\t\t\t\t<div class=\"elementor-element elementor-element-faf6928 elementor-widget elementor-widget-image\" data-id=\"faf6928\" data-element_type=\"widget\" data-e-type=\"widget\" data-widget_type=\"image.default\">\n\t\t\t\t<div class=\"elementor-widget-container\">\n\t\t\t\t\t\t\t\t\t\t\t\t\t\t\t<img loading=\"lazy\" decoding=\"async\" width=\"800\" height=\"800\" src=\"https:\/\/hammerwelding.com.tr\/wp-content\/uploads\/2025\/06\/Kaynakli-Imalat-4-1024x1024.jpg\" class=\"attachment-large size-large wp-image-461\" alt=\"\" srcset=\"https:\/\/hammerwelding.com.tr\/wp-content\/uploads\/2025\/06\/Kaynakli-Imalat-4-1024x1024.jpg 1024w, https:\/\/hammerwelding.com.tr\/wp-content\/uploads\/2025\/06\/Kaynakli-Imalat-4-300x300.jpg 300w, https:\/\/hammerwelding.com.tr\/wp-content\/uploads\/2025\/06\/Kaynakli-Imalat-4-150x150.jpg 150w, https:\/\/hammerwelding.com.tr\/wp-content\/uploads\/2025\/06\/Kaynakli-Imalat-4-768x768.jpg 768w, https:\/\/hammerwelding.com.tr\/wp-content\/uploads\/2025\/06\/Kaynakli-Imalat-4.jpg 1080w\" sizes=\"auto, (max-width: 800px) 100vw, 800px\" \/>\t\t\t\t\t\t\t\t\t\t\t\t\t\t\t<\/div>\n\t\t\t\t<\/div>\n\t\t\t\t<div class=\"elementor-element elementor-element-d194ea6 elementor-widget elementor-widget-counter\" data-id=\"d194ea6\" data-element_type=\"widget\" data-e-type=\"widget\" data-widget_type=\"counter.default\">\n\t\t\t\t<div class=\"elementor-widget-container\">\n\t\t\t\t\t\t\t<div class=\"elementor-counter\">\n\t\t\t<div class=\"elementor-counter-title\">Tamamlanm\u0131\u015f Proje<\/div>\t\t\t<div class=\"elementor-counter-number-wrapper\">\n\t\t\t\t<span class=\"elementor-counter-number-prefix\"><\/span>\n\t\t\t\t<span class=\"elementor-counter-number\" data-duration=\"2000\" data-to-value=\"500\" data-from-value=\"0\" data-delimiter=\",\">0<\/span>\n\t\t\t\t<span class=\"elementor-counter-number-suffix\">+<\/span>\n\t\t\t<\/div>\n\t\t<\/div>\n\t\t\t\t\t\t<\/div>\n\t\t\t\t<\/div>\n\t\t\t\t<\/div>\n\t\t<div class=\"elementor-element elementor-element-fe27a6a e-con-full e-flex e-con e-child\" data-id=\"fe27a6a\" data-element_type=\"container\" data-e-type=\"container\">\n\t\t\t\t<div class=\"elementor-element elementor-element-1b06044 elementor-widget elementor-widget-image\" data-id=\"1b06044\" data-element_type=\"widget\" data-e-type=\"widget\" data-widget_type=\"image.default\">\n\t\t\t\t<div class=\"elementor-widget-container\">\n\t\t\t\t\t\t\t\t\t\t\t\t\t\t\t<img loading=\"lazy\" decoding=\"async\" width=\"800\" height=\"800\" src=\"https:\/\/hammerwelding.com.tr\/wp-content\/uploads\/2025\/06\/ChatGPT-Image-22-Haz-2025-12_13_07.png\" class=\"attachment-large size-large wp-image-443\" alt=\"\" srcset=\"https:\/\/hammerwelding.com.tr\/wp-content\/uploads\/2025\/06\/ChatGPT-Image-22-Haz-2025-12_13_07.png 1024w, https:\/\/hammerwelding.com.tr\/wp-content\/uploads\/2025\/06\/ChatGPT-Image-22-Haz-2025-12_13_07-300x300.png 300w, https:\/\/hammerwelding.com.tr\/wp-content\/uploads\/2025\/06\/ChatGPT-Image-22-Haz-2025-12_13_07-150x150.png 150w, https:\/\/hammerwelding.com.tr\/wp-content\/uploads\/2025\/06\/ChatGPT-Image-22-Haz-2025-12_13_07-768x768.png 768w\" sizes=\"auto, (max-width: 800px) 100vw, 800px\" \/>\t\t\t\t\t\t\t\t\t\t\t\t\t\t\t<\/div>\n\t\t\t\t<\/div>\n\t\t\t\t<div class=\"elementor-element elementor-element-acc0ff5 elementor-widget elementor-widget-counter\" data-id=\"acc0ff5\" data-element_type=\"widget\" data-e-type=\"widget\" data-widget_type=\"counter.default\">\n\t\t\t\t<div class=\"elementor-widget-container\">\n\t\t\t\t\t\t\t<div class=\"elementor-counter\">\n\t\t\t<div class=\"elementor-counter-title\">Y\u0131ll\u0131k Tecr\u00fcbe<\/div>\t\t\t<div class=\"elementor-counter-number-wrapper\">\n\t\t\t\t<span class=\"elementor-counter-number-prefix\"><\/span>\n\t\t\t\t<span class=\"elementor-counter-number\" data-duration=\"2000\" data-to-value=\"25\" data-from-value=\"0\" data-delimiter=\",\">0<\/span>\n\t\t\t\t<span class=\"elementor-counter-number-suffix\">+<\/span>\n\t\t\t<\/div>\n\t\t<\/div>\n\t\t\t\t\t\t<\/div>\n\t\t\t\t<\/div>\n\t\t\t\t<\/div>\n\t\t\t\t\t<\/div>\n\t\t\t\t<\/div>\n\t\t<div class=\"elementor-element elementor-element-cd91e7c e-flex e-con-boxed e-con e-parent\" data-id=\"cd91e7c\" data-element_type=\"container\" data-e-type=\"container\">\n\t\t\t\t\t<div class=\"e-con-inner\">\n\t\t<div class=\"elementor-element elementor-element-19412eb e-con-full e-flex e-con e-child\" data-id=\"19412eb\" data-element_type=\"container\" data-e-type=\"container\">\n\t\t\t\t<div class=\"elementor-element elementor-element-be2e46b elementor-widget elementor-widget-text-editor\" data-id=\"be2e46b\" data-element_type=\"widget\" data-e-type=\"widget\" data-widget_type=\"text-editor.default\">\n\t\t\t\t<div class=\"elementor-widget-container\">\n\t\t\t\t\t\t\t\t\t<p>Tan\u0131t\u0131m Videomuz<\/p>\t\t\t\t\t\t\t\t<\/div>\n\t\t\t\t<\/div>\n\t\t\t\t<div class=\"elementor-element elementor-element-fb296ea elementor-widget elementor-widget-video\" data-id=\"fb296ea\" data-element_type=\"widget\" data-e-type=\"widget\" data-settings=\"{&quot;video_type&quot;:&quot;hosted&quot;,&quot;controls&quot;:&quot;yes&quot;}\" data-widget_type=\"video.default\">\n\t\t\t\t<div class=\"elementor-widget-container\">\n\t\t\t\t\t\t\t<div class=\"e-hosted-video elementor-wrapper elementor-open-inline\">\n\t\t\t\t\t<video class=\"elementor-video\" src=\"https:\/\/hammerwelding.com.tr\/wp-content\/uploads\/2026\/01\/Hammer-Genel-2026.mp4\" controls=\"\" preload=\"metadata\" controlsList=\"nodownload\"><\/video>\n\t\t\t\t<\/div>\n\t\t\t\t\t\t<\/div>\n\t\t\t\t<\/div>\n\t\t\t\t<\/div>\n\t\t<div class=\"elementor-element elementor-element-66cf641 e-con-full e-flex e-con e-child\" data-id=\"66cf641\" data-element_type=\"container\" data-e-type=\"container\">\n\t\t\t\t<div class=\"elementor-element elementor-element-9263624 elementor-widget elementor-widget-text-editor\" data-id=\"9263624\" data-element_type=\"widget\" data-e-type=\"widget\" data-widget_type=\"text-editor.default\">\n\t\t\t\t<div class=\"elementor-widget-container\">\n\t\t\t\t\t\t\t\t\t<p>Biz Kimiz<\/p>\t\t\t\t\t\t\t\t<\/div>\n\t\t\t\t<\/div>\n\t\t\t\t<div class=\"elementor-element elementor-element-3648360 elementor-widget elementor-widget-text-editor\" data-id=\"3648360\" data-element_type=\"widget\" data-e-type=\"widget\" data-widget_type=\"text-editor.default\">\n\t\t\t\t<div class=\"elementor-widget-container\">\n\t\t\t\t\t\t\t\t\t<p data-start=\"238\" data-end=\"581\"><strong data-start=\"238\" data-end=\"256\">Hammer Welding<\/strong>, metal i\u015fleme ve kaynak teknolojileri alan\u0131nda uzmanla\u015fm\u0131\u015f, m\u00fchendislik g\u00fcc\u00fcn\u00fc \u00fcretim tecr\u00fcbesiyle birle\u015ftiren bir sanayi kurulu\u015fudur. Kuruldu\u011fu g\u00fcnden bu yana kaliteyi, g\u00fcveni ve s\u00fcrd\u00fcr\u00fclebilirli\u011fi \u00f6n planda tutan firmam\u0131z; kaynakl\u0131 imalat, tala\u015fl\u0131 \u00fcretim, CNC i\u015fleme ve \u00f6zel proje \u00fcretimleri ile sekt\u00f6re de\u011fer katmaktad\u0131r.<\/p><p data-start=\"583\" data-end=\"915\">2010 y\u0131l\u0131nda Ankara\u2019da kurulan Hammer Welding, 5.000 m\u00b2 kapal\u0131 \u00fcretim alan\u0131, modern makine parkuru ve alan\u0131nda deneyimli m\u00fchendis kadrosuyla faaliyet g\u00f6stermektedir. M\u00fc\u015fteri odakl\u0131 yakla\u015f\u0131m\u0131, zaman\u0131nda teslimat prensibi ve \u00f6zel projelere sundu\u011fu esnek \u00e7\u00f6z\u00fcmlerle hem yurt i\u00e7i hem de yurt d\u0131\u015f\u0131 bir\u00e7ok m\u00fc\u015fterinin g\u00fcvenini kazanm\u0131\u015ft\u0131r.<\/p><h3 data-start=\"917\" data-end=\"933\">Misyonumuz<\/h3><p data-start=\"934\" data-end=\"1106\">M\u00fc\u015fterilerimize y\u00fcksek kalite standartlar\u0131nda, uzun \u00f6m\u00fcrl\u00fc ve g\u00fcvenilir \u00fcretim \u00e7\u00f6z\u00fcmleri sunarak, sekt\u00f6rdeki ihtiya\u00e7lara m\u00fchendislik bak\u0131\u015f a\u00e7\u0131s\u0131yla kal\u0131c\u0131 \u00e7\u00f6z\u00fcmler \u00fcretmek.<\/p><h3 data-start=\"1108\" data-end=\"1124\">Vizyonumuz<\/h3><p data-start=\"1125\" data-end=\"1250\">T\u00fcrkiye\u2019de ve d\u00fcnyada kaynakl\u0131 \u00fcretim ve metal i\u015fleme alan\u0131nda tan\u0131nan, tercih edilen ve g\u00fcven duyulan lider bir firma olmak.<\/p><h3 data-start=\"1252\" data-end=\"1270\">De\u011ferlerimiz<\/h3><ul data-start=\"1271\" data-end=\"1407\"><li data-start=\"1271\" data-end=\"1293\"><p data-start=\"1273\" data-end=\"1293\">Kalite ve titizlik<\/p><\/li><li data-start=\"1294\" data-end=\"1316\"><p data-start=\"1296\" data-end=\"1316\">Zaman\u0131nda teslimat<\/p><\/li><li data-start=\"1317\" data-end=\"1340\"><p data-start=\"1319\" data-end=\"1340\">M\u00fc\u015fteri memnuniyeti<\/p><\/li><li data-start=\"1341\" data-end=\"1380\"><p data-start=\"1343\" data-end=\"1380\">S\u00fcrekli geli\u015fim ve teknolojiye uyum<\/p><\/li><li data-start=\"1381\" data-end=\"1407\"><p data-start=\"1383\" data-end=\"1407\">D\u00fcr\u00fcstl\u00fck ve \u015feffafl\u0131k<\/p><\/li><\/ul><p data-start=\"1409\" data-end=\"1696\">Hammer Welding olarak, \u00fcretimin her a\u015famas\u0131nda kalite kontrol s\u00fcre\u00e7lerine \u00f6nem verir, m\u00fc\u015fterilerimizin taleplerini titizlikle analiz eder ve her projeye \u00f6zel \u00e7\u00f6z\u00fcmler sunar\u0131z. Esnek \u00fcretim yap\u0131m\u0131z sayesinde d\u00fc\u015f\u00fck adetli \u00f6zel i\u015fler veya seri \u00fcretim taleplerine ayn\u0131 ciddiyetle yakla\u015f\u0131r\u0131z.<\/p><h3 data-start=\"1698\" data-end=\"1718\">\u00dcretim G\u00fcc\u00fcm\u00fcz<\/h3><p data-start=\"1719\" data-end=\"2002\">Firmam\u0131z, kaynakl\u0131 imalat, tala\u015fl\u0131 \u00fcretim ve mekanik montaj hizmetlerini, ileri teknoloji CNC makineler ve profesyonel m\u00fchendislik kadrosuyla ger\u00e7ekle\u015ftirmektedir. End\u00fcstriyel \u00e7\u00f6z\u00fcm orta\u011f\u0131 arayan firmalar i\u00e7in y\u00fcksek hassasiyetli, dayan\u0131kl\u0131 ve uzun \u00f6m\u00fcrl\u00fc \u00fcretim \u00e7\u00f6z\u00fcmleri sunuyoruz.<\/p><h4 data-start=\"1980\" data-end=\"2019\"><strong data-start=\"1988\" data-end=\"2019\">Neden Biz?\u00a0<\/strong><\/h4><ul data-start=\"2020\" data-end=\"2128\"><li data-start=\"2020\" data-end=\"2044\"><p data-start=\"2022\" data-end=\"2044\">Tam zaman\u0131nda \u00fcretim<\/p><\/li><li data-start=\"2045\" data-end=\"2073\"><p data-start=\"2047\" data-end=\"2073\">Kalite kontrol s\u00fcre\u00e7leri<\/p><\/li><li data-start=\"2074\" data-end=\"2097\"><p data-start=\"2076\" data-end=\"2097\">Esnek \u00fcretim yap\u0131s\u0131<\/p><\/li><li data-start=\"2098\" data-end=\"2128\"><p data-start=\"2100\" data-end=\"2128\">\u00d6zel projelere uygun tasar\u0131m<\/p><\/li><\/ul><blockquote data-start=\"2130\" data-end=\"2358\"><p data-start=\"2132\" data-end=\"2358\">\u201cHer m\u00fc\u015fterinin ihtiyac\u0131na \u00f6zel \u00e7\u00f6z\u00fcmler \u00fcretiyor, \u00fcretimin her a\u015famas\u0131nda kalite kontrol s\u00fcre\u00e7lerini titizlikle uyguluyoruz. Esnek \u00fcretim yap\u0131m\u0131z sayesinde, hem seri \u00fcretim hem de \u00f6zel projelerde ayn\u0131 hassasiyeti sa\u011fl\u0131yoruz.\u201d<\/p><\/blockquote>\t\t\t\t\t\t\t\t<\/div>\n\t\t\t\t<\/div>\n\t\t\t\t<\/div>\n\t\t\t\t\t<\/div>\n\t\t\t\t<\/div>\n\t\t\t\t<\/div>\n\t\t","protected":false},"excerpt":{"rendered":"<p>Rakamlarla Hammer Welding \u00dcretim Alan\u0131 100 m2 Uzman Personel 0 + Tamamlanm\u0131\u015f Proje 0 + Y\u0131ll\u0131k Tecr\u00fcbe 0 + Tan\u0131t\u0131m Videomuz https:\/\/hammerwelding.com.tr\/wp-content\/uploads\/2026\/01\/Hammer-Genel-2026.mp4 Biz Kimiz Hammer Welding, metal i\u015fleme ve kaynak teknolojileri alan\u0131nda uzmanla\u015fm\u0131\u015f, m\u00fchendislik g\u00fcc\u00fcn\u00fc \u00fcretim tecr\u00fcbesiyle birle\u015ftiren bir sanayi kurulu\u015fudur. Kuruldu\u011fu g\u00fcnden bu yana kaliteyi, g\u00fcveni ve s\u00fcrd\u00fcr\u00fclebilirli\u011fi \u00f6n planda tutan firmam\u0131z; kaynakl\u0131 imalat, [&hellip;]<\/p>\n","protected":false},"author":1,"featured_media":0,"parent":0,"menu_order":0,"comment_status":"closed","ping_status":"closed","template":"","meta":{"footnotes":""},"class_list":["post-549","page","type-page","status-publish","hentry"],"_links":{"self":[{"href":"https:\/\/hammerwelding.com.tr\/index.php\/wp-json\/wp\/v2\/pages\/549","targetHints":{"allow":["GET"]}}],"collection":[{"href":"https:\/\/hammerwelding.com.tr\/index.php\/wp-json\/wp\/v2\/pages"}],"about":[{"href":"https:\/\/hammerwelding.com.tr\/index.php\/wp-json\/wp\/v2\/types\/page"}],"author":[{"embeddable":true,"href":"https:\/\/hammerwelding.com.tr\/index.php\/wp-json\/wp\/v2\/users\/1"}],"replies":[{"embeddable":true,"href":"https:\/\/hammerwelding.com.tr\/index.php\/wp-json\/wp\/v2\/comments?post=549"}],"version-history":[{"count":22,"href":"https:\/\/hammerwelding.com.tr\/index.php\/wp-json\/wp\/v2\/pages\/549\/revisions"}],"predecessor-version":[{"id":929,"href":"https:\/\/hammerwelding.com.tr\/index.php\/wp-json\/wp\/v2\/pages\/549\/revisions\/929"}],"wp:attachment":[{"href":"https:\/\/hammerwelding.com.tr\/index.php\/wp-json\/wp\/v2\/media?parent=549"}],"curies":[{"name":"wp","href":"https:\/\/api.w.org\/{rel}","templated":true}]}}